 2056 = -u, 5158 = 5*c + 3*u. Suppose 5*z - c = 3*k, -2*z - 4*k + 282 = -116. What is the units digit of z?
5
Let d = 15 + -12. Suppose -2 = d*o - 4*o. Suppose 0*u + 42 = z + 2*u, -44 = -o*z + 4*u. What is the tens digit of z?
3
Let b(r) = 5*r**2 + 7*r - 1. Let f be b(3). Suppose 3*d = f + 121. What is the units digit of d?
2
Let m be (248/(-6))/(16/(-24)). Let j = m + -43. What is the units digit of j?
9
Let x = 3497 - 1937. What is the hundreds digit of x?
5
Let l be (-68)/(-102)*1/((-2)/591). Let y = -57 - l. What is the units digit of y?
0
Suppose 467 = 3*q + 38. What is the units digit of q?
3
Let j = 1186 - 323. What is the hundreds digit of j?
8
Let b = 27 + -25. What is the hundreds digit of (b + (-6)/12)/(2/144)?
1
Suppose 3*o - 4*j + 6376 = 7*o, 4*j + 4761 = 3*o. What is the hundreds digit of o?
5
Let p = 14 - 9. Suppose -822 + 2697 = -p*s. What is the tens digit of (-2)/8 - s/12?
3
Let g be 2/10 + 168/10. Suppose 3*n - g = 2*n. Suppose 0 = -c - h + 37, -5*h + n = 2*c - 72. What is the tens digit of c?
3
Suppose -26*h = -25947 - 9153. What is the thousands digit of h?
1
Suppose -4*m + 0 = -12. What is the units digit of (-68)/(-20) - m - 1393/(-5)?
9
Let x = 10 - 1. Let m = 11 - x. Suppose -4*t + 256 = -m*u, -2*t - 2*u + 128 = u. What is the units digit of t?
4
Let s(l) be the second derivative of l**3/6 + 3*l**2/2 - 3*l. Let m be s(-3). Suppose -3*x - 2*x + 205 = m. What is the units digit of x?
1
Suppose 12*r - 22 = 74. Suppose 0 = y - 3*j - 3, 2*y + 0*y + 2*j = 46. Suppose -10*s = -r*s - y. What is the units digit of s?
9
Let f = -7 + 8. Suppose 0 = 2*v + 3 + f. What is the units digit of (-2)/v*(18 - -5)?
3
Let w be (-9)/(27/6) + -47. Let a = 8 - w. What is the tens digit of a?
5
Let a(c) be the first derivative of 4*c + c**3 + 12 - 1/2*c**2. What is the units digit of a(-4)?
6
Let d = 2924 + -1350. What is the thousands digit of d?
1
Let o(d) = 44*d**3 + d**2 - 2*d + 1. Let q be o(1). What is the units digit of 79/4 + (-33)/q?
9
Let n(r) = -3*r + 17. Let z be (-10)/40*(0 - 20). Let o be n(z). What is the tens digit of 1/2*104/o?
2
Suppose -6*c = 4 - 4. Suppose 13*n + 32 - 604 = c. What is the tens digit of n?
4
Let a(u) = 92*u - 55. What is the tens digit of a(3)?
2
Suppose -20 = -3*u - 5. Suppose 3*m - 17 = -4*q, 39 = u*m - 3*q - 28. Suppose -m*k + 201 = -8*k. What is the units digit of k?
7
Suppose 2*f - w = -141 + 57, -2*f + 2*w = 84. Let l be 12/2*f/(-9). Suppose -2*n - r - r = -74, -n + l = 4*r. What is the tens digit of n?
4
Suppose -v = -x - 3705, 5*v + 10*x - 18525 = 13*x. What is the tens digit of v?
0
Let c(t) = -1. Let u(o) = o**2 + 12*o - 5. Let s(k) = -2*c(k) + u(k). Let a be s(-8). Let f = -23 - a. What is the tens digit of f?
1
Let a be -1 + 492 - (-6)/6. Suppose 2*i = 8*i - a. What is the units digit of i?
2
Let j = 282 + 106. What is the hundreds digit of j?
3
Suppose 7*z + 1447 = 23259. What is the units digit of z?
6
Suppose 0 = -5*c - 3*r - 105, -5*c + r = -2*r + 135. Let o be (12/10)/(c/(-400)). Let z = -7 + o. What is the units digit of z?
3
What is the units digit of (-632)/(-12) - 2 - (-8)/6?
2
Suppose 6*u - 2488 + 52 = 0. What is the units digit of u?
6
Let o(q) = -79*q + 408. What is the thousands digit of o(-34)?
3
Let o = -2063 + 3613. What is the tens digit of o?
5
Let f(c) = 157*c**2 - 9*c - 2. What is the tens digit of f(2)?
0
Suppose 4*o = -5*h - 9, 0 = o + 3*o - 3*h - 31. Let t = 47 - o. What is the units digit of t?
3
Let m be -19 + (2 - (0 + 1)). Let o = 78 - m. Suppose 2*a + 28 = o. What is the units digit of a?
4
Let h be (24/36)/(4/(-6)). What is the hundreds digit of (-10*2)/(h/7)?
1
Let a = -130 + 57. Let d = a + 141. What is the tens digit of d?
6
Suppose 17*t = -7*t + 30648. What is the units digit of t?
7
Suppose 6*w = -4*l + 3*w + 3, 5*l = 4*w + 27. Suppose l*o + 615 = 8*o. What is the hundreds digit of o?
1
Suppose 3*d + 2896 = 2*u, 167 = -2*u + 4*d + 3063. What is the thousands digit of u?
1
Let l be (864/8)/(0 + 1). Suppose 0 = -0*u - 2*u + l. What is the tens digit of u?
5
Let m(s) = 7*s**2 - 25*s + 10. What is the units digit of m(-12)?
8
Suppose -2*q + 919 = c - 4*c, -4*q + c = -1853. What is the units digit of q?
4
What is the tens digit of (-6036)/(-8) + 5/(-10)?
5
Suppose 0 = -12*s + 7*s - 45. Let n be (-1 - (-3)/9)*s. Let a = 2 + n. What is the units digit of a?
8
Suppose 2*n - 2*b - 2 = 0, -5*n - 3*b = -2*n - 9. Suppose -3 + 7 = n*w. What is the tens digit of 51 + w + (1 - 5)?
4
Let p = -67 + 30. Suppose -d = 5*l + 22, -4*d + 1 = -3*l + 89. Let m = d - p. What is the tens digit of m?
1
Let z be (-1)/(2/(-8)*-2). Let s be -64 + (z - (1 + -1)). Let v = -34 - s. What is the tens digit of v?
3
What is the hundreds digit of (-1524285)/(-360) - (1 - 0)/8?
2
Suppose -12726 = 11*u - 29*u. What is the units digit of u?
7
Let d(v) = v**3 - 7*v**2 + 6*v. Let c(h) = 3*h**2 + 4*h + 2. Let n be c(-2). Let k be d(n). Suppose -4*q + 58 + 22 = k. What is the units digit of q?
0
Let k = 23 - 6. Let z = -13 + k. What is the tens digit of 45/4 + (-1)/z?
1
Let i(h) be the second derivative of h**4/6 + 5*h**3/6 + h**2 + 3*h. Let p be i(-3). Let g = 16 + p. What is the tens digit of g?
2
Let t be -3 - 63/(-24) - 1795/(-8). Suppose 5*b = 4*p + 1211, 2*b + 5*p = t + 234. What is the hundreds digit of b?
2
Suppose 0 = -300*t + 252*t + 163296. What is the units digit of t?
2
Suppose -3*a = -15, -3*h = -5*h + 4*a - 654. Let x = h + 494. What is the units digit of x?
7
Let f be (-1)/(-4) + (-267)/12. Let t = f + 22. Let u(z) = 3*z + 33. What is the tens digit of u(t)?
3
Let c(v) = v + 6. Let h be c(-2). Suppose -2*i + 312 = h*i. What is the tens digit of i?
5
Suppose 1811 = 5*v + 5*x - 204, -5*v = 4*x - 2013. What is the tens digit of v?
0
Let y(i) = i**3 - 5*i**2 + 11*i - 14. Let n be y(6). Suppose -2*u = -n - 118. What is the tens digit of u?
0
Let y = 10 - 4. Suppose -c + y*c - 370 = 0. What is the tens digit of c/(-6)*-3 - -3?
4
Let d = 384 + 261. What is the units digit of d?
5
Suppose 158 = 2*v - 124. What is the tens digit of v?
4
Let g(b) = b**2 + 32*b - 12. What is the units digit of g(-41)?
7
Suppose -5952 = -4*g + 4*x, 2*x = -4*g - 1193 + 7145. What is the thousands digit of g?
1
Let s(q) = q + q - 2*q + 17 + q. Let u(w) = -6*w - 9. Let n be u(-3). What is the tens digit of s(n)?
2
What is the hundreds digit of (-4)/(-26) - (-284790)/429?
6
Let s(l) = -l**2 + 47*l + 43. What is the hundreds digit of s(19)?
5
Suppose 2*c - 2 - 2 = 0. Suppose 0 = 5*j + 98 + c. What is the units digit of (3 - 1)/((-2)/j)?
0
Let q be 6/4 + 131*(-5)/10. Let p(f) = 99*f**3 + f - 1. Let w be p(1). Let d = q + w. What is the units digit of d?
5
Suppose 4*q - 685 - 1246 = -3*y, 2588 = 4*y + 2*q. What is the hundreds digit of y?
6
Let b be (-4)/(-6) - 180/(-54). Suppose f - 2*t = -3*f + 254, -274 = -b*f - 2*t. What is the units digit of f?
6
Let f = 316 - -178. What is the hundreds digit of f?
4
Suppose 10780 = 28*k - 2828. What is the tens digit of k?
8
Let n = 666 + -470. What is the units digit of n?
6
Let t(y) = y**3 + 4*y**2 - y + 2. Let c be t(-4). Suppose 0 = 3*i - c, 2*i - 5 + 33 = 2*j. What is the units digit of j?
6
Let h = 42 - 77. What is the units digit of (0 + -3)*h*4/6?
0
Suppose 0 = -3*i - 5 - 10. Let c = -185 + 115. What is the units digit of (-34)/i - 14/c?
7
Suppose 0 = 4*v - w - 15, -2*v + 5*w = -0*v - 21. Suppose 0*q + q + 12 = -v*f, 0 = -4*q + f + 17. What is the units digit of 42 + q - 0 - 0?
5
Suppose 7*f - 21 = 4*f - 4*s, -s = -5*f + 12. What is the units digit of (f*4/(-12))/(2/(-12))?
6
Let w(d) be the first derivative of -d**4/4 + 14*d**3/3 - 6*d**2 - 13*d + 36. What is the tens digit of w(7)?
4
Suppose -33*m - 78302 = -67*m. What is the units digit of m?
3
What is the tens digit of 4/42 + 70132/84?
3
Let g = -433 + 683. Suppose 0 = -5*b - j - j + 617, -2*b + g = 4*j. What is the hundreds digit of b?
1
Let s = 13 - 6. Let o(w) = -w + 11. Let h be o(s). Let t(a) = -a**3 + 6*a**2 - a - 3. What is the units digit of t(h)?
5
Suppose -i = -3*n - 12, 5*n + 0 + 15 = 0. Let d be (1 + 0)/((-5)/(-25)). Suppose -2*f = -5*k - 6 - i, 0 = -2*f - d*k + 59. What is the units digit of f?
7
Let r(g) = 9*g**2 + 13*g + 42. Suppose -74 = 9*h - 20. What is the hundreds digit of r(h)?
2
Let l(b) = -b**3 - 5*b